9. Suppose -y = -0 + 3, -5*z + m = 3*y. List the prime factors of z.
2, 3, 5
Suppose 28*b - 25*b = -3. What are the prime factors of (b/(-2)*155)/(6/12)?
5, 31
Suppose -5*f + 3*g = -f + 101, 3*f + 62 = 5*g. Let n be (-1)/(-1)*(-90)/(-2). Let q = f + n. What are the prime factors of q?
2
Suppose 2*q + 2 - 14 = 0. Suppose 0 = -3*i + q*i - 117. Let c = 83 - i. List the prime factors of c.
2, 11
Let p(v) = -130*v - 809. Let b be p(-7). Suppose -2*m + 4 = -2. Suppose b = m*z + 35. What are the prime factors of z?
2, 11
Let n = 5 + -3. Suppose 5*m + 5*x - 49 + 9 = 0, n*m - x - 28 = 0. What are the prime factors of (-45)/m*(-96)/9?
2, 5
Let p = -715 + 1017. Suppose -u + 6*u + p = l, 0 = 4*l - u - 1284. What are the prime factors of l/21 - (-1)/(-3)?
3, 5
Suppose -3*h - 8168 = -5*g, -4*g - 3*h + 5483 = -1046. What are the prime factors of g?
23, 71
Suppose -t - 10 = -3*t. Suppose 3*v = -2*i, -t*i + 12 - 3 = 3*v. Suppose -7*z + 92 = -i*z. List the prime factors of z.
23
Let s = 42 + -5. Let z = s - 33. List the prime factors of z.
2
Let d = 1151 + -575. What are the prime factors of d?
2, 3
Let u be ((-11)/22)/((-2)/192). Suppose -4 = 46*z - u*z. List the prime factors of z.
2
Suppose -34*x + 23*x = -5434. What are the prime factors of x?
2, 13, 19
Suppose -5*n = -2*n - 18. Suppose o + 15 = 3*t, -o - 6*t + n = -2*t. List the prime factors of (-2 - 10)*o/4.
2, 3
Suppose 2*y - t + 6*t - 40 = 0, -5*y + 5*t = -30. Suppose 3*c + 1 = 3*g + y, g + 11 = 5*c. List the prime factors of c.
2
Suppose 16*i + 263 - 7223 = 0. What are the prime factors of i?
3, 5, 29
Let z(p) = p**2 + 4*p - 5. Let q be z(-6). Suppose -h + 3*h = x + 5, -4*h + q = -5*x. List the prime factors of -3 - 22/(x/(-1)).
19
Suppose 22 = 4*u - 2*j, -5*u - 4*j + 14 = -2*j. Suppose -2*g = u*g + 912. What are the prime factors of (27/18)/((-6)/g)?
2, 19
Let m be -8 - (0 + -1 + 1). Suppose -14*i = -17*i. List the prime factors of 3 + i - (m + -35).
2, 23
Let m(k) = -k**2 + 5*k + 11. Let s be m(7). List the prime factors of 2 + 3 - 106*s.
17, 19
Let g be 15/(0 - 3) - -3. Suppose -4*c = -3*f + 2*f - 38, 4*c = -5*f + 26. Let k = g + c. List the prime factors of k.
7
Let o(w) = -w**3 - 5*w**2 - 7*w - 6. Let k be o(-4). Let z = -10 + k. What are the prime factors of (6 - -9) + (z - -1)?
2, 3
Let k be 2/13 + 80/(-13). Suppose -4*u - 8 = -2*c - 2*c, 14 = 3*u + c. List the prime factors of (2/u)/(k/(-90)).
2, 5
Suppose 6 = -4*u + 22. Suppose u*r = -4*s + 272, 2*r - 3*s - 2*s - 122 = 0. What are the prime factors of r?
2, 3, 11
Let u be ((-4)/6 - 0)/(2/(-12)). Let z = 92 + u. What are the prime factors of z?
2, 3
Let q = 856 - 410. What are the prime factors of q?
2, 223
Let p = 17 + -12. Suppose -p*s = -4*q - 47, -4*s - q + 17 = -8. Suppose 0 = -s*l + l + 126. What are the prime factors of l?
3, 7
Suppose 0 = 2*o + y + 320 - 874, -o - 4*y = -291. List the prime factors of o.
5, 11
Suppose 1737 = l + 542. What are the prime factors of l?
5, 239
Suppose -64 = -o + 70. Suppose -3*h + 5*g = -310, -4*h + 221 = 5*g - o. Suppose -2*t + 3*v + h = 34, -2*t + 63 = -5*v. List the prime factors of t.
29
Suppose 117*t - 123*t = -858. What are the prime factors of t?
11, 13
Suppose -350*c + 336*c = -18802. What are the prime factors of c?
17, 79
Let o(j) = j**3 + 3*j**2 - 190*j + 17. List the prime factors of o(-14).
521
Suppose 0 = 2*z + 35*z - 43586. List the prime factors of z.
2, 19, 31
Suppose 1 = 2*v - 5*t + 2, -v = -2*t. Suppose 5*p = 5*o - 395, -v*o + 3*o = -p + 87. What are the prime factors of o?
83
Let r(h) = -8*h**3 - h. Let g be r(-2). Suppose 0 = 2*b + 5*n - 134 - g, 0 = -b - 2*n + 101. List the prime factors of b.
3, 5, 7
Let l(z) = z + 12. Let k be l(-12). Suppose 0 = -3*m + a + 7, -2*a - 10 = -2*m - k*a. Let j(f) = 2*f**3 + f**2. List the prime factors of j(m).
3
Suppose -u + 0 - 1 = m, m + 5 = u. List the prime factors of (-9)/(-3)*1/m - -32.
31
Let h = 63 - 25. Suppose -12*g + 3 = -11*g, 5*q = -g + 23. Suppose 72 = 4*x - q*w, w - h = -2*x - x. What are the prime factors of x?
2, 7
Let d be 19/(-4) - (-10)/(-40). Let f(q) = -q**2 - 8*q + 11. List the prime factors of f(d).
2, 13
Suppose -3*k = -5*i + 4774, -2*k - 1912 = -7*i + 5*i. List the prime factors of i.
953
Let u(s) be the second derivative of -s**5/20 + 7*s**4/12 + s**3/6 - 2*s**2 + s. Let d = 76 - 70. What are the prime factors of u(d)?
2, 19
Let y(g) = g**3 - 4*g**2 + 3*g + 3. Let v be y(3). Suppose 3*z - 15 = 0, -5 = -v*w - z + 12. Suppose -w*t + 110 = t. What are the prime factors of t?
2, 11
Suppose 4*p + 1735 = 5*k, k - 3*p + 1041 = 4*k. What are the prime factors of k?
347
List the prime factors of 2/(((-60)/(-80))/(123/2)).
2, 41
Let q be -4 + -4 + 56 + -3. Suppose 4*b - q - 35 = 0. What are the prime factors of b/(-5) - (2 - 32)?
2, 13
Suppose 6*z = -v + 19475, 3241 = z - 0*z + 5*v. What are the prime factors of z?
2, 3, 541
Let b(o) = -o + 6 + 7 + 2*o - 6. Let k be b(3). Suppose 10*t - 9*t = k. List the prime factors of t.
2, 5
Suppose -22 = -f + 26. Let b be (-3)/4 - (-36)/f. Let u(n) = 2*n**2 + n + 36. List the prime factors of u(b).
2, 3
Let q = -60 - -61. List the prime factors of (-606)/(-6) + (q - 5).
97
Let t be (-3 + 4)*(-16)/2. Let x(b) = 4*b**2 - 6*b + 5. Let s(r) = r**2 + 1. Let u(c) = 10*s(c) - 2*x(c). What are the prime factors of u(t)?
2
Let t = 19397 + -13793. What are the prime factors of t?
2, 3, 467
What are the prime factors of 6 - (-9 + 5 - 1142)?
2, 3
List the prime factors of (0 + 190/25)*120.
2, 3, 19
Let s(i) = -i + 20. Let f be s(9). Let m = 27 - f. What are the prime factors of m?
2
Let j(c) = 57*c**3 + 7*c**2 - 4*c + 9. What are the prime factors of j(3)?
3, 13, 41
Let v = 3256 - 1840. List the prime factors of v.
2, 3, 59
Let k be 14/(-21) + 28/6. Suppose -k*z + 18 = -2*z. Suppose -2*p + 13 = -z. What are the prime factors of p?
11
Let o = -286 - -506. What are the prime factors of o?
2, 5, 11
Let j(y) = -y**3 + 7*y**2 - 4*y - 8. Suppose 2*b = 4*k + 20, 0*b - 5*k - 16 = -b. Let f be j(b). List the prime factors of 1128/40 + f/5.
29
Let m = -39 + 87. What are the prime factors of m?
2, 3
Suppose 0 = -4*o - 2*w + 810 - 140, -2 = -2*w. What are the prime factors of o?
167
Let b(m) = -m**2 + m - 90. Let l(q) = -q**2 + q - 89. Let d(i) = -3*b(i) + 2*l(i). What are the prime factors of d(0)?
2, 23
Let j(l) = 2*l**2 - 1. Let r be j(5). Let m = r - 29. Suppose 5*a - m = 195. List the prime factors of a.
43
Let z(x) be the second derivative of x**4/6 - x**3/2 + 3*x**2/2 + 10*x. Let p be z(-4). Suppose -p = -8*t + 17. List the prime factors of t.
2
Let t = 592 - 513. What are the prime factors of t?
79
Let l(g) = 263*g**3 - g**2 - 2*g - 4. List the prime factors of l(2).
2, 523
Let n = 7 + -4. List the prime factors of 70/n*75/25.
2, 5, 7
Let g be -6 + 28 - 4 - (-4 + 1). Suppose -g*f = -30*f + 2160. List the prime factors of f.
2, 3, 5
Suppose 17*f - 13208 = 4*f. What are the prime factors of f?
2, 127
Let p = 1623 - 1122. List the prime factors of p.
3, 167
Suppose 6*h + 4*h - 1760 = 0. What are the prime factors of h?
2, 11
Suppose 3*i - i = 2*c - 124, 3*i = -c + 54. List the prime factors of c.
2, 3, 5
Let j(s) = 13*s**2 - 15*s - 15. What are the prime factors of j(11)?
7, 199
Let l be (-917)/(-2) - (-3)/2. Suppose -7*v + 1493 = -l. List the prime factors of v.
3, 31
Let w be -4 - (-2 - (-69)/(-3)). Suppose -2*k + 21 = 3*v + 2*v, 3*k - w = 3*v. List the prime factors of k.
2
Let h = 577 + -218. Let f = h - 220. What are the prime factors of f?
139
Let d(h) = -35*h - 80. What are the prime factors of d(-25)?
3, 5, 53
Suppose -5*a - 37 = b + 2*b, 9 = -b - a. Let d(g) = -2*g**3 + 8*g + 1. What are the prime factors of d(b)?
97
Suppose 0 = 2*q - 10, -3*s + 2*q = -4 - 133. Suppose 0 = -u + s + 41. List the prime factors of u.
2, 3, 5
Let f(y) = y**3 - 5*y**2 + 4*y + 9. Suppose 0 = -2*j - 5*z + 6 - 5, 4*j = 3*z + 15. List the prime factors of f(j).
3
Let u(o) = o**3 + o**2 - 3*o + 95. What are the prime factors of u(0)?
5, 19
Let f(z) = 3*z. Let g be f(2). Let y(h) = -47*h - 2. Let r be y(g). List the prime factors of (-2)/3 + r/(-12).
23
Suppose 3*y + 374 - 1298 = 0. List the prime factors of y.
2, 7, 11
Suppose 1 = 3*z + 7. Let a(n) be the second derivative of 11*n**4/12 - n**3/3 - 5*n. List the prime factors of 